 5. Let g be y(5). What is the greatest common factor of 22 and g?
2
Let u = 29 - -51. Calculate the greatest common divisor of u and 10.
10
Suppose -49 = -5*m + 86. Suppose -15 = -x + 6*x, -5*x + 21 = 2*o. Calculate the greatest common divisor of m and o.
9
Suppose 2*u - 2 = 10. Calculate the greatest common divisor of 3 and u.
3
Let n = -1 - -15. What is the highest common divisor of 28 and n?
14
Let k be (-15 - 6)/(6/(-4)). Let l be (-76)/(-28) + 4/k. Calculate the greatest common divisor of 9 and l.
3
Let d be ((-3)/(-9))/((-2)/(-12)). Let k be (1 - d)/(2/(-10)). Calculate the highest common factor of 45 and k.
5
Let t = 2 - -26. Calculate the highest common factor of 4 and t.
4
Suppose s - 18 = 2*s. Let x = s - -34. Calculate the highest common divisor of 112 and x.
16
Suppose 0 = 5*a - 2*w - 84, -2*a + a + 4*w + 24 = 0. Calculate the greatest common factor of 28 and a.
4
Suppose f - 22 = 3*m + 47, 3*m + 177 = 3*f. Calculate the highest common divisor of 18 and f.
18
Let g = -43 + 79. Suppose -2*i + i + g = 0. Suppose -2*j + o + 15 = 0, 2*o = 1 + 5. Calculate the greatest common divisor of j and i.
9
Let c(m) = 6*m**2 + 3 + m**3 + 7*m + 0 + 2. Let j be c(-4). Suppose -d = 3*d - 180. Calculate the highest common divisor of d and j.
9
Let z(y) = 33*y**2 - 2*y + 1. Let b be 1 - 2 - (-8)/4. Let g be z(b). Calculate the greatest common factor of 4 and g.
4
Suppose -q - 8 = -3*q. Suppose 0*m - q = -m. What is the greatest common factor of 16 and m?
4
Suppose 3 = 4*a - 13. Suppose 86 = j - a*l, j - 4*l = 3*j - 112. Suppose 2*h = -4*r + 6*h + 28, 2*h = -4*r + 22. What is the greatest common factor of r and j?
6
Suppose 819 = 5*b - 666. What is the greatest common divisor of 27 and b?
27
Let m(u) = -29*u - 88. Let w be m(-7). What is the highest common divisor of w and 69?
23
Let y be (93 - (-1 - 1)) + 3. Calculate the highest common divisor of 14 and y.
14
Let x(z) = z**3 + 4*z**2 - 3*z - 3. Let t be x(-2). Suppose -4*s + 62 = -5*y, 0 = 3*y + 5 - t. What is the highest common divisor of 162 and s?
18
Suppose 29 = 2*a + 5. What is the greatest common divisor of 12 and a?
12
Suppose -2*j + 84 = s + s, -3*j - 196 = -4*s. Let i = 76 - s. What is the greatest common divisor of i and 45?
15
Let i be (-6)/10 + 511/35. Calculate the highest common factor of i and 14.
14
Suppose -2*d + 23 = -3. Suppose 5*b - h - h - 327 = 0, 5*h = 5*b - 330. Calculate the greatest common divisor of b and d.
13
Suppose -41 - 9 = -5*a. Let n(y) = -y - 2 + 13*y - y**2 + y. Let w be n(6). What is the highest common divisor of w and a?
10
Let y be 90 + ((-3)/2 - (-5)/2). Calculate the highest common factor of y and 7.
7
Suppose f - 24 = -2*f. Let i(s) = s**2 - 7*s - 8. Let n be i(7). Let o = 16 - n. Calculate the highest common divisor of o and f.
8
Let o = -10 + -1. Let w be (-200)/o - 2/11. Calculate the greatest common factor of 45 and w.
9
Suppose 75 = 5*f - 3*t, -5*t = -14 - 11. Calculate the highest common factor of f and 2.
2
Let h be (-14)/(-3) - ((-84)/(-18) + -6). What is the highest common factor of 102 and h?
6
Let x(q) = q**3 - 7*q**2 + 6*q + 1. Let c be x(6). Let n = c - 0. Let g = -2 - -11. What is the greatest common divisor of g and n?
1
Let y = -3 - 2. Let l = 7 - 20. Let i = y - l. Calculate the greatest common factor of 12 and i.
4
Suppose 8*n - 6*n = 40. What is the greatest common factor of 10 and n?
10
Let y(w) = 10*w**2 + 2*w + 8. Let n be y(4). Suppose -c + 5 = -11. Calculate the greatest common factor of c and n.
16
Let n be 1 - -2*(-3)/(-6). Let q(x) = x**2 + x - 1. Let z be q(n). Let k = 42 - 27. What is the greatest common divisor of k and z?
5
Let c(k) = 2*k**2 - k - 2. Let v be c(2). Let b = 11 + v. What is the highest common divisor of 10 and b?
5
Let k be ((-15)/10*1)/((-1)/6). Let v = -5 - -7. Suppose v*o + 0 = 2. What is the highest common factor of o and k?
1
Suppose -60 = -2*r - 5*n, 3*r - 2*n - 110 = -20. Let b(t) = t**2 + 2*t - 4. Let l be b(4). Suppose r = 5*a - l. What is the highest common divisor of a and 1?
1
Let w(f) = 11*f - 9. Let c be w(3). Calculate the highest common factor of c and 12.
12
Let b be 3 + -4 - (-3 - 0). Suppose b*k - l - 3*l = 18, -3*l - 21 = -4*k. Let d(a) = 5*a - 3. Let i be d(k). Calculate the greatest common factor of 3 and i.
3
Let m(n) = -n**3 - n**2 - n - 3. Let f be m(0). Let h = f - -12. Calculate the greatest common factor of 45 and h.
9
Let z = 13 - -7. What is the highest common divisor of z and 50?
10
Let u be (-1 + -2)*(0 - 1). Let b = 8 - u. Suppose -6*o = -b*v - 2*o + 53, 37 = 5*v + 4*o. Calculate the greatest common factor of 3 and v.
3
Suppose 4*l + 87 = 3*k, 16 = 2*k + 6. Let g be (16/(-6))/(3/l). What is the highest common divisor of 112 and g?
16
Let g = -5 + 8. Suppose -5*c + 86 = -g*c. Suppose -c = -4*w + 69. What is the highest common factor of w and 7?
7
Suppose -5*c + 0*c = -15. Suppose 2*r + c*r = -4*o + 1764, -r + 5*o + 376 = 0. Let b = r - 202. Calculate the greatest common divisor of 14 and b.
14
Suppose 3*t = j + 99, 5*j + 64 = 3*t - 35. Calculate the greatest common factor of t and 99.
33
Let z(q) = q**3 + q**2 - 2*q - 1. Let r be z(-1). Suppose 4*f - 33 = -5. What is the highest common divisor of f and r?
1
Suppose -u + 1500 = 5*r - 996, 5*r - u = 2504. Let m be (-2)/7 + r/35. Calculate the greatest common divisor of 35 and m.
7
Suppose f - 2*h + 14 = -6*h, f + h = -20. Let y = -46 + 32. Let t = y - f. Calculate the highest common factor of t and 12.
4
Suppose -4*s = -37 - 19. Let z = 34 + 78. What is the highest common divisor of z and s?
14
Let a be (1 + -5)*(-2)/(16/198). What is the highest common factor of a and 11?
11
Suppose -50 = -3*z - 8. What is the greatest common divisor of 154 and z?
14
Let t(m) be the first derivative of -m**4/4 + 3*m**3 + 11*m**2/2 - 7*m + 2. Let s be t(10). Calculate the greatest common factor of 33 and s.
3
Let y = 0 + 4. Let f(x) = 2*x**2 - 10. Let z be f(7). Let c = 132 - z. What is the greatest common divisor of y and c?
4
Suppose 5*v - j + 4*j = 597, 0 = 3*v - 4*j - 335. Calculate the greatest common factor of 13 and v.
13
Let l = -9 - -14. Suppose l*d - 82 = 8. Calculate the greatest common divisor of 126 and d.
18
Suppose 0 = -5*l + u + 9, -4*l + 2*u = 6*u - 12. Let s = l - 0. Suppose 0 = 3*c - s - 16. Calculate the highest common factor of 9 and c.
3
Let a(h) = h**3 - 5*h**2 + 7*h - 6. Let l be a(6). Calculate the greatest common factor of 9 and l.
9
Let o(c) = 2*c**3 + c**2 - c + 10. Let v be o(0). Calculate the greatest common factor of 30 and v.
10
Let z = 6 - 2. Suppose z*f - 70 = -f. Suppose -4*a + 5*a = 2. What is the highest common divisor of f and a?
2
Let r = 200 + -109. Calculate the highest common divisor of r and 13.
13
Suppose 5*k - 3*m - 107 = 0, 2*k + m - 18 = 27. What is the greatest common divisor of 2 and k?
2
Suppose -8*y - 28 = -4*y. Let b(o) = o**3 + 7*o**2 - o - 4. Let t be b(y). Calculate the highest common factor of t and 15.
3
Suppose 0*l + 2*l + 4*d = 0, -2*l = 3*d - 2. What is the greatest common factor of 6 and l?
2
Suppose 105 = -12*o + 17*o. Calculate the greatest common factor of o and 231.
21
Let g = 44 + -20. Calculate the greatest common factor of 32 and g.
8
Let l be (-2)/(-4) + (-25)/(-2). Let d = 21 - l. Let c(o) = o**3 + o**2 + o + 1. Let p be c(3). What is the highest common divisor of p and d?
8
Suppose 3*h - 4 = -h. Let p be 2 + (0 - h) + 39. What is the highest common divisor of p and 8?
8
Let h = -13 + 18. Calculate the greatest common divisor of 35 and h.
5
Let i(v) = -3*v**3 + 3*v**2 + 3*v + 2. Let u be i(-2). Let n be 4/8*(32 - 0/(-1)). Calculate the highest common factor of n and u.
16
Suppose 3*f - 9 = 5*i, 2 = -f + 2*i + 4. What is the greatest common factor of f and 72?
8
Let y = -6 + 16. Suppose -z + 4 = -2*s - 6, y = -3*z - 4*s. Suppose -h = z*h - 102. What is the greatest common factor of h and 17?
17
Suppose 0 = 3*w - 41 - 1. Calculate the greatest common divisor of w and 98.
14
Let t = -9 + 4. Let r(k) = k**2 + 3*k - 4. Let q be r(t). Let o be (-69)/(-21) - (-2)/(-7). What is the highest common factor of o and q?
3
Suppose 8*c - 486 = -c. Calculate the greatest common divisor of c and 36.
18
Suppose -4*g = g - 5. What is the highest common divisor of g and 1?
1
Let m(z) = -z**2 + 10